{"id":3859,"date":"2015-04-30T08:50:37","date_gmt":"2015-04-30T06:50:37","guid":{"rendered":"https:\/\/develi.ch\/?page_id=3859"},"modified":"2022-10-14T10:41:00","modified_gmt":"2022-10-14T08:41:00","slug":"gekritzel","status":"publish","type":"page","link":"https:\/\/develi.ch\/?page_id=3859","title":{"rendered":"Gekritzel"},"content":{"rendered":"<div id='gallery-1' class='gallery galleryid-3859 gallery-columns-3 gallery-size-thumbnail'><figure class='gallery-item'>\n\t\t\t<div class='gallery-icon landscape'>\n\t\t\t\t<a href='https:\/\/develi.ch\/?attachment_id=3860#main'><img loading=\"lazy\" decoding=\"async\" width=\"150\" height=\"150\" src=\"https:\/\/develi.ch\/wp-content\/uploads\/2015\/04\/depp-150x150.jpg\" class=\"attachment-thumbnail size-thumbnail\" alt=\"\" \/><\/a>\n\t\t\t<\/div><\/figure><figure class='gallery-item'>\n\t\t\t<div class='gallery-icon landscape'>\n\t\t\t\t<a href='https:\/\/develi.ch\/?attachment_id=3861#main'><img loading=\"lazy\" decoding=\"async\" width=\"150\" height=\"150\" src=\"https:\/\/develi.ch\/wp-content\/uploads\/2015\/04\/hm-150x150.jpg\" class=\"attachment-thumbnail size-thumbnail\" alt=\"\" \/><\/a>\n\t\t\t<\/div><\/figure><figure class='gallery-item'>\n\t\t\t<div class='gallery-icon landscape'>\n\t\t\t\t<a href='https:\/\/develi.ch\/?attachment_id=3862#main'><img loading=\"lazy\" decoding=\"async\" width=\"150\" height=\"150\" src=\"https:\/\/develi.ch\/wp-content\/uploads\/2015\/04\/hmpf-150x150.jpg\" class=\"attachment-thumbnail size-thumbnail\" alt=\"\" \/><\/a>\n\t\t\t<\/div><\/figure><figure class='gallery-item'>\n\t\t\t<div class='gallery-icon landscape'>\n\t\t\t\t<a href='https:\/\/develi.ch\/?attachment_id=3864#main'><img loading=\"lazy\" decoding=\"async\" width=\"150\" height=\"150\" src=\"https:\/\/develi.ch\/wp-content\/uploads\/2015\/04\/sero-150x150.jpg\" class=\"attachment-thumbnail size-thumbnail\" alt=\"\" \/><\/a>\n\t\t\t<\/div><\/figure><figure class='gallery-item'>\n\t\t\t<div class='gallery-icon portrait'>\n\t\t\t\t<a href='https:\/\/develi.ch\/?attachment_id=3869#main'><img loading=\"lazy\" decoding=\"async\" width=\"150\" height=\"150\" src=\"https:\/\/develi.ch\/wp-content\/uploads\/2015\/04\/theo-150x150.jpg\" class=\"attachment-thumbnail size-thumbnail\" alt=\"\" \/><\/a>\n\t\t\t<\/div><\/figure><figure class='gallery-item'>\n\t\t\t<div class='gallery-icon portrait'>\n\t\t\t\t<a href='https:\/\/develi.ch\/?attachment_id=6901'><img loading=\"lazy\" decoding=\"async\" width=\"150\" height=\"150\" src=\"https:\/\/develi.ch\/wp-content\/uploads\/2022\/06\/PXL_20220628_064041120-150x150.jpg\" class=\"attachment-thumbnail size-thumbnail\" alt=\"\" aria-describedby=\"gallery-1-6901\" \/><\/a>\n\t\t\t<\/div>\n\t\t\t\t<figcaption class='wp-caption-text gallery-caption' id='gallery-1-6901'>\n\t\t\t\tNetzwerk einfach erkl\u00e4rt\n\t\t\t\t<\/figcaption><\/figure>\n\t\t<\/div>\n\n<p>&nbsp;<\/p>\n<p>Lustige Selfmade Gifs von S.H.<\/p>\n<p><a href=\"https:\/\/develi.ch\/wp-content\/uploads\/2022\/10\/SH_loeten1.gif\"><img loading=\"lazy\" decoding=\"async\" class=\"wp-image-6923 size-full aligncenter\" src=\"https:\/\/develi.ch\/wp-content\/uploads\/2022\/10\/SH_loeten1.gif\" alt=\"\" width=\"640\" height=\"480\" \/><\/a><\/p>\n<p>&nbsp;<\/p>\n<p><a href=\"https:\/\/develi.ch\/wp-content\/uploads\/2022\/10\/SH_marmeladenbrotkatze.gif\"><img loading=\"lazy\" decoding=\"async\" class=\"aligncenter wp-image-6925 size-full\" src=\"https:\/\/develi.ch\/wp-content\/uploads\/2022\/10\/SH_marmeladenbrotkatze.gif\" alt=\"\" width=\"640\" height=\"480\" \/><\/a><\/p>\n<p>&nbsp;<\/p>\n<p>&nbsp;<\/p>\n<p><a href=\"https:\/\/develi.ch\/wp-content\/uploads\/2022\/10\/SH_spirale.gif\"><img loading=\"lazy\" decoding=\"async\" class=\"aligncenter wp-image-6924 size-full\" src=\"https:\/\/develi.ch\/wp-content\/uploads\/2022\/10\/SH_spirale.gif\" alt=\"\" width=\"640\" height=\"480\" \/><\/a><\/p>\n<p>&nbsp;<\/p>\n<p>&nbsp;<\/p>\n<p><a href=\"https:\/\/develi.ch\/wp-content\/uploads\/2022\/10\/sandy.gif\"><img loading=\"lazy\" decoding=\"async\" class=\"aligncenter wp-image-6926 size-full\" src=\"https:\/\/develi.ch\/wp-content\/uploads\/2022\/10\/sandy.gif\" alt=\"\" width=\"640\" height=\"480\" \/><\/a><\/p>\n","protected":false},"excerpt":{"rendered":"<p>&nbsp; Lustige Selfmade Gifs von S.H. &nbsp; &nbsp; &nbsp; &nbsp; &nbsp;<\/p>\n","protected":false},"author":1,"featured_media":0,"parent":0,"menu_order":0,"comment_status":"closed","ping_status":"closed","template":"","meta":{"jetpack_post_was_ever_published":false,"footnotes":""},"class_list":["post-3859","page","type-page","status-publish"],"jetpack_sharing_enabled":true,"jetpack_shortlink":"https:\/\/wp.me\/P674Fw-10f","jetpack_likes_enabled":true,"jetpack-related-posts":[{"id":2228,"url":"https:\/\/develi.ch\/?page_id=2228","url_meta":{"origin":3859,"position":0},"title":"Zitate &#038; Stuff","author":"ivi","date":"15. Januar 2014","format":false,"excerpt":"Sinn und Zweck Die Zitate Seiten sind da um gesammelte Spr\u00fcche, Wortspielereien und Kreationen, sinnloses Gestusse und legend\u00e4re Situationen zu dokumentieren. Ich habe die meisten der Spr\u00fcche in Dialekt belassen, da die \u00dcbersetzung ins Schriftdeutsch das ganze halb so lustig gemacht h\u00e4tte. Trotzdem hoffe ich aber, das auch deutsche Besucher\u2026","rel":"","context":"\u00c4hnlicher Beitrag","block_context":{"text":"\u00c4hnlicher Beitrag","link":""},"img":{"alt_text":"","src":"","width":0,"height":0},"classes":[]},{"id":2253,"url":"https:\/\/develi.ch\/?page_id=2253","url_meta":{"origin":3859,"position":1},"title":"Rechtliches","author":"ivi","date":"15. Januar 2014","format":false,"excerpt":"1. Inhalt des Onlineangebotes develi.ch \u00fcbernimmt keinerlei Gew\u00e4hr f\u00fcr die Aktualit\u00e4t, Korrektheit, Vollst\u00e4ndigkeit oder Qualit\u00e4t der bereitgestellten Informationen. Haftungsanspr\u00fcche gegen develi.ch, welche sich auf Sch\u00e4den materieller oder ideeller Art beziehen, die durch die Nutzung oder Nichtnutzung der dargebotenen Informationen bzw. durch die Nutzung fehlerhafter und unvollst\u00e4ndiger Informationen verursacht wurden sind\u2026","rel":"","context":"\u00c4hnlicher Beitrag","block_context":{"text":"\u00c4hnlicher Beitrag","link":""},"img":{"alt_text":"","src":"","width":0,"height":0},"classes":[]},{"id":2255,"url":"https:\/\/develi.ch\/?page_id=2255","url_meta":{"origin":3859,"position":2},"title":"Impressum","author":"ivi","date":"15. Januar 2014","format":false,"excerpt":"ivi aka E. B\u00f6sch-Felser, 8400 Winterthur mail[AT]develi.ch \u00a0 ******************************************* 1. Inhalt des Onlineangebotes develi.ch \u00fcbernimmt keinerlei Gew\u00e4hr f\u00fcr die Aktualit\u00e4t, Korrektheit, Vollst\u00e4ndigkeit oder Qualit\u00e4t der bereitgestellten Informationen. Haftungsanspr\u00fcche gegen develi.ch, welche sich auf Sch\u00e4den materieller oder ideeller Art beziehen, die durch die Nutzung oder Nichtnutzung der dargebotenen Informationen bzw. durch\u2026","rel":"","context":"\u00c4hnlicher Beitrag","block_context":{"text":"\u00c4hnlicher Beitrag","link":""},"img":{"alt_text":"","src":"","width":0,"height":0},"classes":[]},{"id":6309,"url":"https:\/\/develi.ch\/?page_id=6309","url_meta":{"origin":3859,"position":3},"title":"Datenschutzerkl\u00e4rung","author":"ivi","date":"14. Juni 2018","format":false,"excerpt":"Wer wir sind Die Adresse unserer Website ist: https:\/\/develi.ch. Welche personenbezogenen Daten wir sammeln und warum wir sie sammeln Kommentare Wenn Besucher Kommentare auf der Website schreiben, sammeln wir die Daten, die im Kommentar-Formular angezeigt werden, au\u00dferdem die IP-Adresse des Besuchers und den User-Agent-String (damit wird der Browser identifiziert), um\u2026","rel":"","context":"\u00c4hnlicher Beitrag","block_context":{"text":"\u00c4hnlicher Beitrag","link":""},"img":{"alt_text":"","src":"","width":0,"height":0},"classes":[]},{"id":2270,"url":"https:\/\/develi.ch\/?page_id=2270","url_meta":{"origin":3859,"position":4},"title":"\u00dcber dEvEli.ch","author":"ivi","date":"15. Januar 2014","format":false,"excerpt":"dEVEli - The green Site of Life! dEvEli ist eine Seite um Erinnerungen zu sammeln und Ereignisse zu dokumentieren. =) Eine Erinnerungsseite gab es schon seit ca 2003. Am Anfang hat die Seite noch www.flashy.ch.vu geheissen. Damals von Flashy und Chlatschy. (Waren wir nicht kreative Teenies mit unseren Spitznamen?) Dazu\u2026","rel":"","context":"\u00c4hnlicher Beitrag","block_context":{"text":"\u00c4hnlicher Beitrag","link":""},"img":{"alt_text":"","src":"https:\/\/i0.wp.com\/develi.ch\/Bilder\/klein_ivi.jpg?resize=350%2C200&ssl=1","width":350,"height":200},"classes":[]}],"_links":{"self":[{"href":"https:\/\/develi.ch\/index.php?rest_route=\/wp\/v2\/pages\/3859","targetHints":{"allow":["GET"]}}],"collection":[{"href":"https:\/\/develi.ch\/index.php?rest_route=\/wp\/v2\/pages"}],"about":[{"href":"https:\/\/develi.ch\/index.php?rest_route=\/wp\/v2\/types\/page"}],"author":[{"embeddable":true,"href":"https:\/\/develi.ch\/index.php?rest_route=\/wp\/v2\/users\/1"}],"replies":[{"embeddable":true,"href":"https:\/\/develi.ch\/index.php?rest_route=%2Fwp%2Fv2%2Fcomments&post=3859"}],"version-history":[{"count":6,"href":"https:\/\/develi.ch\/index.php?rest_route=\/wp\/v2\/pages\/3859\/revisions"}],"predecessor-version":[{"id":6927,"href":"https:\/\/develi.ch\/index.php?rest_route=\/wp\/v2\/pages\/3859\/revisions\/6927"}],"wp:attachment":[{"href":"https:\/\/develi.ch\/index.php?rest_route=%2Fwp%2Fv2%2Fmedia&parent=3859"}],"curies":[{"name":"wp","href":"https:\/\/api.w.org\/{rel}","templated":true}]}}